ate (-3 + 19 + -1 - (-209 - -216)) + -2.
6
What is -12 - 0 - (56 + (-19 - 49))?
0
Calculate -36 + 5 + 4 + -3 + 4 + -12.
-38
Evaluate 455 + -453 - (3 + -1 + -11 - -5).
6
What is the value of -46 - (22 - (58 + -25))?
-35
Evaluate -17 - -4 - (((-14 - -8) + 20 - -2) + -14).
-15
Evaluate -32 + 146 + -115 - (0 + -20).
19
-35 + 41 + (52 + -55 - (0 - 4))
7
-2 - 8 - (0 + 2 + 13 + (-145 - -147))
-27
-4 - -5 - (11 + -5) - (-76 + 63)
8
What is -62 + (-4 - (-4 + -1)) + -28?
-89
112 + -41 + 1 + (-24 - 4) + 14
58
What is -6 + -1 + 3 - (-2 + (56 - 28 - -17))?
-47
Calculate (20 + -56 + 25 - -59) + -5 + 0.
43
Evaluate 0 - 119 - (8667 + -8731).
-55
35 + -95 + 45 + 0
-15
-57 - (-45 - (34 + -20))
2
Calculate (12 - -1) + (-68 - -65 - -1) + 26.
37
Calculate -21 - (-85 + 97) - 26.
-59
Evaluate 129 - (37 - (14 - 37 - -43)).
112
What is 6 + -41 + 23 + (2 - -25) + 127 + -21?
121
What is -2959 - -2952 - (-80 - 0)?
73
Evaluate -48 - (-32 + (53 - 40)).
-29
What is the value of 44 - ((1 + -1 - (-38 - -41)) + 13 - 18)?
52
What is the value of 76 + -155 + 79 - (-2 - -29)?
-27
Evaluate 14 + -13 + -16 + 5 + 18.
8
Evaluate 2 + -2 + -1 - 11 - (72 + -162 - -97).
-19
1 + -18 + 18 + 14 + -1 + -50
-36
What is the value of -28 + 0 + (20 + -45 - -62 - 48)?
-39
What is -7 + -32 + 13 + -13 + 30?
-9
Calculate 38 + -85 + 95 + -51.
-3
What is -20 - (19 - (-27 + 41) - -57)?
-82
What is 0 + 6 - (217 + -63 + -107)?
-41
What is the value of (19 - (8 + -10 + 18 - 11)) + (29 - 0)?
43
Evaluate 1 + -10 + (23 - -11) + -16 + -7.
2
Calculate (-47 - 4) + (147 - 177) + -9.
-90
10 + -79 - (66 + -46 + 15)
-104
-22 + (-119 - -48) + 132
39
What is the value of 10 + 28 - (-32 + 19 + 136)?
-85
What is (-1 - (2 + -21 - (-46 + 40))) + -15?
-3
What is the value of 68 + (-22 - -18 - 1) + (27 - 3)?
87
What is the value of 0 + 95 + 6186 + -6165?
116
What is (-13 - -14) + -4 + 13 - (-7 - 3 - 34)?
54
What is -71 + (1 + -26 - -71 - 30)?
-55
What is the value of 3 + -24 + (-67 + 77 - (17 + -1))?
-27
What is the value of 1 + (-1 + 5 - 3) + (64 - 63) + -22?
-19
What is -9 + (13 - 4 - (-10 + (-4 - -3))) - -1?
12
What is (-80 - -3) + (171 - 232)?
-138
(148 - 143 - (0 - -7)) + -3 + -20
-25
What is -9 + (35 - -3 - (-231 - -245))?
15
Calculate 33 + (7 - (-14 + 27)) + -51.
-24
Evaluate -361 - (-615 - -157) - (-1 + 2 - -5).
91
Calculate -10 + (-7 - (2 + -2 - (-63 + 80))) - 65.
-65
-71 + 53 + 24 + -51
-45
Evaluate ((7 - -1) + (10 - 56) - (11 - 1)) + -1.
-49
What is the value of 0 - -39 - (856 - 807)?
-10
What is the value of 10 + -1 + (3 - -36) + 3 - (-20 + 16)?
55
Evaluate -54 - (-1 - (40 - 19)) - 6.
-38
What is the value of -23 + (-7 - 4) + -15 + 32?
-17
89 + -54 - 33 - 41
-39
Calculate ((33 - 26) + 4 - -36) + (-2 - -2 - -7).
54
What is -30 + -18 + 7 - (-16 + -13)?
-12
What is -4 - (-2 - (10 - 0)) - (20 + (23 - 37))?
2
Calculate -1 - -102 - (1 - -64).
36
Evaluate (1172 - 1169) + 1 + (1 - 1) - (-21 + 1).
24
Calculate (77 + -2 - (-6 + 1)) + 5 + -6 + 16.
95
What is 15 - (28 + -8) - (-24 + 6)?
13
138 + (63 - 62) - 99
40
What is the value of 11 - ((75 - 0) + (643 - 633)) - 20?
-94
Calculate 19 + 20 + (-1 - -15) + -33.
20
Evaluate (2 + -1 - (968 - 959)) + -41.
-49
What is the value of 2 - (-21 + -2 + 2 + 267 + -246)?
2
Evaluate (38 - (1 + -3)) + (-2 - 1 - (-168 + 156)).
49
Evaluate 9 + -2 + -1 + (-179 - -175).
2
(-38 - (68 + 1)) + 45
-62
8 + 4 - (-19 + -27 + -9 + 9)
58
Calculate -23 + -40 + 96 + 19.
52
Evaluate (-66 - -58) + -2 + 79 - (107 - 87).
49
Calculate 55 - ((31 - 31) + 0 + -1 + -1 + 5).
52
What is the value of 179 + (84 - (118 + 97))?
48
Calculate (-10 + -19 - 6) + 55 - 6.
14
(58 - 18) + (-60 - 7)
-27
What is the value of -73 - (63 - 109) - 68?
-95
What is -2 + -2 + -18 - (-72 - -25)?
25
Calculate 41 + 3 + -66 - (29 + 0).
-51
What is -401 - -385 - ((-4 - -7) + -5 + 1)?
-15
Evaluate 39 + -25 - 40 - (-22 + 2).
-6
1 - (2 + -10) - (3 + (-9 + -9 - 4))
28
Calculate (-2 + -3 - 11) + (-43 - (67 + -186)).
60
Calculate (-14 - (-44 + 1)) + 29.
58
What is 12 + 1 + -6 + (-15 - -8) + -57?
-57
What is (33 - (-6 - -36)) + 36 + 3 + -13?
29
Calculate -4 - (-105 + 106 + (-1 - -11) + (-1 - 2)).
-12
Calculate 859 + -900 - (-13 - (-2 - -2)) - 3.
-31
What is 26 + (13 - 57) - (23 - 2)?
-39
What is (-29 + 104 - 96) + 49?
28
What is the value of (12 + (5 - 0) - 7) + (-4 - 28)?
-22
What is the value of 2 + -1 + -5 - (258 - (429 - 163))?
4
What is (26 - (19 - 36)) + -57?
-14
What is 9 + 1 + 5 + -2 - (308 - 306)?
11
Evaluate -7 + (113 - 125 - (-68 - 2)).
51
What is the value of -2 + 6 - 2 - (-73 + -91 + 39)?
127
Calculate (-3 - (-1 - 2)) + -10 - (-112 + 44).
58
Evaluate -9 - -2 - (-1 + 7 - 3 - (9 + 1)).
0
Evaluate -2 + (1 - 0) + (143 - 139) + 5.
8
Calculate 10 + -8 + 13 + -13 - -19.
21
Calculate 3439 + -3390 - (51 + 1).
-3
What is -68 + (-92 - -89) - (0 + 0 + (1 - 2))?
-70
Evaluate 22 - (6 - -9) - (66 + -63 + -17 + 0).
21
Calculate -7 + -6 + (17 - 10) + -3 + 29 + -9.
11
What is the value of 118 + (-262 + 30 - -10)?
-104
-14 + (-3 - -23) + -113 + 116
9
What is the value of (-26 - 6) + (-29 - (-26 - -4))?
-39
What is the value of 1 - -95 - (-22 + 38) - (-25 - -3)?
102
-9 - -6 - -7 - (36 + (-29 + 15 - -1))
-19
What is 105 + -73 - (89 - (19 + -27))?
-65
-26 - 10 - ((137 - 168) + 4 + 7)
-16
What is (75 - (-24 + 66)) + -23 - -2?
12
Evaluate 179 - (72 + -185 + 190).
102
What is (-872 - -871) + (1 - 19)?
-19
What is the value of 33 - (-58 + 84 + 75)?
-68
What is the value of -2 - (-28 - (5 + (-22 - -9)))?
18
Evaluate -6 + (71 - 75) + (-1 - 4 - (-1 - 2)).
-12
What is the value of 28 + (5 - (2 + 21)) + (1 - 55)?
-44
What is -1 + -22 + 26 + 1 + 16 + -27?
-7
What is the value of 6 - 1 - 0 - (-3 + 3) - (-7 + 44)?
-32
Evaluate 2 + 0 - (-2291 - -2298).
-5
What is -31 + (-36 - (-13 + 23 - 37))?
-40
What is 31 + (-34 - -1 - -22) - 67?
-47
Calculate -28 + 0 - (-65 - (-103 + 35)).
-31
What is -114 + (-63 - -73 - (-1 + 5) - 10 - 11)?
-129
-38 - (23 - 77 - -35)
-19
What is the value of -16 - ((14 - (23 - (9 + -5))) + -7) - -91?
87
168 - 203 - (-47 - -56)
-44
What is (-1 - 27) + (194 - (141 + 152))?
-127
Calculate -5 + 164 + (772 - 879).
52
Calculate (-3 + -21 - (2 - 0)) + -67 + -41 + 96.
-38
Calculate (-10 - 9 - -46) + -4 - 28.
-5
Evaluate -54 + -2 - (-1 - 4) - (-70 - -135 - 61).
-55
Calculate -76 + (-86 - -108) + -35.
-89
-12 - (-31 - 5) - 22 - 18
-16
What is 36 + -155 - -83 - (40 + 0)?
-76
What is the value of 3 + (23 - 58) + 27 - -20?
15
Calculate (-14 - (63 + -35)) + 7.
-35
What is 1 - 9 - (-34 + 147 - 95)?
-26
(4197 - 4208) + (2 - -1) + -35
-43
-64 - (-59 - -19 - 29)
5
What is 11 + (-2 + -6 - (18 - (23 + 3))) - 26?
-15
What is (32 - (5 + 6) - 27) + 29?
23
Calculate ((-9 - -5) + 16 + 2 - 9) + 14.
19
Calculate 5 - 10 - (-21 + 3 - -93).
-80
What is (-1 - 4) + (-19 - (20 - 43 - -4))?
-5
-11 - (-2 - ((-11 - -11) + 5 + -36))
-40
Calculate 4 + (-15 - (-16 - -9)) + 1 + 9.
6
What is the value of -108 + -1 + (-26 - (31 + 0 - (616 - 557)))?
-107
Calculate -1 - -86 - (30 - (17 + (36 - 30))).
78
Evaluate 51 - ((-4 + -7 - -17) + -13 - -15).
43
What is 3 + (38 - (-8 - -8 - (-1 - 0) - -7))?
33
Calculate 115 - (-22 - -8) - 70.
59
Evaluate (-3 + -5 - 8) + -1 + 19 + 7.
9
What is the value of -60 - (23 + 0 + -58)?
-25
Evaluate 56 + (-1 - (-7 + 6 + 11)).
45
69 + 35 + -39 + -36
29
What is (185 + -238 - (2 + 10 + -2)) + 4?
-59
Evaluate 6 + 20 + 15 + (3 - -8) + (2 - 4).
50
Calculate -40 + -7 - (212 - 179).
-80
Evaluate 55 + (-160 - 95) + 103.
-97
Evaluate (120 + -97 - (20 + 4)) + 19.
18
Calculate 2 + (0 - 48) - (7269 - 7251).
-64
What is (-8 - (-20 - 5 - -8)) + 17?
26
Evaluate 79 - (66 + (-9 - 15)).
37
Calculate -71 + -2 + 0 + (7712 - 7732).
-93
-17 + (26 - 26 - (0 - 5))
-12
Evaluate -16 + 3 + (93 + -52 - -23).
51
Evaluate -136 - 1 - (-44 + 8 + 19 + 7).
-127
Calculate -91 + 55 - (1 - (44 + -6)).
1
Calculate -1 - 10 - (-1 - (-15 - 17) - (1 - 12)).
-53
What is (-35 - (-31 - 41)) + 12 + -35?
14
Evaluate -117 - -93 - (-15 + 14 + 3).
-26
What is -5 - ((-4 - (-8 - -3)) + -11 - 47)?
52
What is (98 - (-223 + 291)) + (13 - (-1 - -1))?
43
What is -41 - (21 + -53) - (5 - (5 + -2 - 4))?
-15
What is 22 - (-4 + -4 + (0 - (8 - 2)))?
36
What is the value of 7 - -7 - (24 + -1 + -18 + -30)?
39
What is the value of 6 - 32 - (-1 + 8 + -87)?
54
Evaluate 42 + (-13 - (-11 - 13 - 14)).
67
What is the value of 4